n 5 is divided by f.
2
Let h be (-6)/(-2) - 0/(-2). Suppose -x - 14 = h*x + 2*u, -2*x + 5*u = -11. Calculate the remainder when 12 is divided by ((-2)/x)/(1/7).
5
Suppose -4*c + 2 = -26. What is the remainder when 24 is divided by c?
3
Calculate the remainder when (1 - 2)*(-15 - 7) is divided by 6.
4
Let l = 35 - 24. What is the remainder when l is divided by 4?
3
Suppose -24 = -4*t + n - 3*n, 4*t - 5*n - 38 = 0. What is the remainder when 3 - -1 - 6 - -13 is divided by t?
4
What is the remainder when 45 is divided by (-220)/(-14) + (-6)/(-21)?
13
Suppose -5*o + 5*h = 14 - 84, 4*h = 2*o - 18. Calculate the remainder when 75 is divided by o.
18
Let v = -30 + 41. What is the remainder when v is divided by 1 - (-2 - 2 - 2)?
4
Let f = -2 + 5. Suppose -f*n = j - 3, 5*j + 3 = 5*n + 18. Suppose 0 = 4*b - 3*b - 2*a - 12, 5*b - 44 = 2*a. Calculate the remainder when b is divided by j.
2
Let k(f) = -f**3 - 3*f**2 - f - 3. Let g be k(-4). Suppose 2*v + g = 55. Calculate the remainder when v is divided by 10.
9
Let c be (-2)/(-12)*-122*-3. Let i = c + -21. Let g(u) = u + 8. Calculate the remainder when i is divided by g(6).
12
Let w = -4 + 7. Suppose 2*l - 333 = -5*h + 174, -4*l = -w*h + 325. What is the remainder when h is divided by 26?
25
Let g(y) = -y**2 - 6*y - 3. Let v be g(-2). Suppose 316 = -h + v*h. Calculate the remainder when h is divided by 27.
25
Let j = 19 + -19. Suppose h - 16 = 5*a - j, h - 28 = a. Suppose -2*o + 4*o - 32 = 0. Calculate the remainder when h is divided by o.
15
Let n = -16 + 17. Suppose -y - f = y - 6, 0 = y + 3*f - 13. What is the remainder when y is divided by n?
0
Suppose 0 = -5*p - 0*p - 25. Let o(h) = -4*h - 5. What is the remainder when 44 is divided by o(p)?
14
Suppose -5*b - g = -91, 12 = -g - 2*g. Suppose -3*f + 71 = 4*v, 3*f + 0*f - 77 = 2*v. Suppose 7*r - f = 2*r. Calculate the remainder when b is divided by r.
4
Suppose p = h + 6, -2*p + 0 + 24 = h. Let s be 29 + 0 + (-2 - -2). Let l = 0 + s. What is the remainder when l is divided by p?
9
Suppose -2*d = -u + 8, 33 = 5*u - 5*d - 27. Suppose c + 3*c = 24. What is the remainder when u is divided by c?
4
Suppose -2*v = z - 21, 0 = -5*z - 5*v + 43 + 37. Let f = 15 - z. Calculate the remainder when f is divided by 3.
1
Let b(n) = 4 - n**3 - 4*n**2 - 2 - 3*n + n**2. Calculate the remainder when 20 is divided by b(-3).
9
Suppose -7*u = -3*u + 36. Let s be (-12)/u*2*-9. Let m = s - -40. Calculate the remainder when 30 is divided by m.
14
Let i be (6 - 1)*12/(-5). Let w = -9 - i. Suppose -w*c = 2*c + h - 65, 0 = -3*h. Calculate the remainder when c is divided by 7.
6
Suppose 7*w - 2*w - 350 = 0. Calculate the remainder when ((-18)/(-15))/(4/w) is divided by 11.
10
Let v(s) = -s**2 + 14*s - 10. Calculate the remainder when v(11) is divided by 13.
10
Let y(z) = z**3 + z**2 + z - 3. Suppose 4*u + 7 = 83. Calculate the remainder when y(3) is divided by u.
17
Suppose -o + 4*o = -4*j + 7, -5*j = -5*o + 35. Let x = j - -3. Let s(q) = 12*q. What is the remainder when 21 is divided by s(x)?
9
Let s(k) = -5*k - 2. Suppose -2*u = 2*x - 34, 5*x + u - 12 - 57 = 0. Calculate the remainder when s(-5) is divided by x.
10
Let z(c) = 18*c**2 + c. Let x = 13 + -8. Suppose 2*f - 3 = q, -x*f = -2*q - 3*q - 5. What is the remainder when z(q) is divided by 7?
5
Suppose 12 = 3*o - 6. Let d(t) = -t**3 + 6*t**2 + 5. Suppose 3*v - s - 3 = -0*s, 3*v = -3*s + 15. Calculate the remainder when d(o) is divided by v.
1
Suppose -2*y + 44 = -10. Calculate the remainder when y is divided by 15.
12
Let y = 9 + 3. Calculate the remainder when 46 is divided by y.
10
Suppose -q + 4*g = -10 - 42, 5*g = -5*q + 285. Calculate the remainder when q is divided by 19.
18
What is the remainder when 1/(4/6*(-1)/(-46)) is divided by 18?
15
Let n(x) = 3*x + 6. Suppose -5*j - 8 = -63. Calculate the remainder when n(j) is divided by 10.
9
Let g(s) = -s - 4. What is the remainder when 2/(1 - (-1)/1) is divided by g(-5)?
0
Suppose 4 = 3*l - 2, 0 = 3*i + l - 125. Let k = 12 + i. What is the remainder when k is divided by 11?
9
Suppose 0 = -5*q + 3*r + 95, -5*q - 2*r + 95 = 2*r. Let v = -4 + q. What is the remainder when 57 is divided by v?
12
Suppose -1 = c - 12. Calculate the remainder when c is divided by 6.
5
Let p = 23 - 11. What is the remainder when 34 is divided by p?
10
Suppose -2*l - 4 = -32. Calculate the remainder when l is divided by 3.
2
Suppose -a + 945 = 2424. Let o = -29 + 48. What is the remainder when (-6)/(-27) - a/27 is divided by o?
17
Let u = -15 - -49. Calculate the remainder when 99 is divided by u.
31
Let m = 40 + -8. What is the remainder when m is divided by 19?
13
Let k = -122 - -185. Suppose c = 3*s - k + 17, 0 = -5*c + 25. Calculate the remainder when 33 is divided by s.
16
Let p = 34 - 19. Calculate the remainder when 29 is divided by p.
14
Let x be (10/(-30))/((-2)/(-6)). Calculate the remainder when 25 + ((-1)/x)/1 is divided by 14.
12
Let x(d) be the second derivative of 17*d**4/12 - d**2/2 - 3*d. What is the remainder when 30 is divided by x(-1)?
14
Let f = -66 + 75. What is the remainder when 41 is divided by f?
5
Suppose -x = -2*x + 1. Let i = 6 + -3. What is the remainder when i is divided by x?
0
Suppose o + 18 = 5*s, 5*s - 2*s - 4*o - 21 = 0. What is the remainder when 8 is divided by -2*s*2/(-4)?
2
Let g be (0 - -4)*(16 - 6). Suppose g = 2*p - 2*q, 4*q = 5*p + 2*q - 115. Calculate the remainder when p is divided by 9.
7
Suppose -v = z - 7, -2*v + 2 - 3 = -3*z. Suppose -2*a = 3*t - 43, 82 = v*t - 2*a + 20. What is the remainder when t is divided by 4?
3
Suppose -6*g - 8 = -4*g - 4*u, 8 = 2*u. Suppose 0 = -3*q - g*p - 117, -p + 6 = p. Let j = -14 - q. What is the remainder when j is divided by 15?
14
Suppose 4*z - 38 = -3*s, 2 = -0*s + 2*s - 2*z. Calculate the remainder when 10 is divided by s.
4
Suppose 0 = 3*a - 44 - 19. Suppose 4*h - 16 = 0, 0 = 4*x - 0*x + 4*h - 340. Calculate the remainder when x is divided by a.
18
Let v(a) = -a**3 - a**2 + a - 3. What is the remainder when 119 is divided by v(-3)?
11
Suppose 0*x - x = -4. Suppose -4*f - 24 = -5*u, 0*f - 2*f + 18 = 5*u. Let m = -1 + u. What is the remainder when x is divided by m?
1
Suppose -3*h = -5*h + 14. Calculate the remainder when (-44)/(-6)*(-9)/(-6) is divided by h.
4
Suppose 3*k - 453 = -5*j - 13, -j + 4*k = -65. What is the remainder when j is divided by 22?
19
Let d = -12 - -26. Suppose 3*j = 4*c + 40, 3*j - 5*j + 20 = -c. What is the remainder when d is divided by j?
6
Suppose k - 32 = 5*k. Let l(o) = o**2 + 6*o - 8. What is the remainder when l(k) is divided by 3?
2
Let c = 17 + -13. Calculate the remainder when 13 is divided by c.
1
Let x be ((1 - 1) + -1)*0. Suppose j - 5 = -x*j - 4*r, 11 = j + 2*r. Calculate the remainder when j is divided by 5.
2
Suppose -5*c = -2*c - 108. What is the remainder when c is divided by 13?
10
Let p(u) = -4 - 2*u - 8*u**2 - 1 + 12*u**2 + 2. What is the remainder when p(-2) is divided by 10?
7
Suppose 1 + 24 = 5*z. Let v = z + -4. What is the remainder when v is divided by 1?
0
Suppose -5*f - 26 = -181. Let z = -2 - -19. Calculate the remainder when f is divided by z.
14
Let a = -74 + 105. Calculate the remainder when a is divided by 16.
15
Let v(x) be the second derivative of x**5/20 + 11*x**2/2 - x. Calculate the remainder when v(0) is divided by (8/4)/((-1)/(-3)).
5
Suppose -k - 7 = -2*v - 2, -6 = -3*v. Let a(x) = -10*x**3 - x**2 - x - 1. What is the remainder when (-1)/(-3) - 74/(-3) is divided by a(k)?
7
Let a(v) = -v**2 - 7*v + 2. Let p be a(-7). Calculate the remainder when 53 is divided by ((-6)/18)/(p/(-108)).
17
Suppose 2*j = -3*j + 10. Let l = -5 - -5. Suppose l = 5*p - 0*p - 25. What is the remainder when p is divided by j?
1
Let y(n) = 17*n + 7. Let a be y(9). Let l = -85 + a. Calculate the remainder when l is divided by 26.
23
Suppose 3*z = 2*z. Suppose -2*i - 2*x + 42 = z, i - 84 = -3*i - 3*x. What is the remainder when i is divided by 8?
5
What is the remainder when 70 is divided by 14 - (-5)/((-20)/8)?
10
Suppose 5*l = 9*l - 84. Calculate the remainder when 103 is divided by l.
19
Let b(u) = 3*u + 9. Calculate the remainder when b(10) is divided by 8.
7
Let z = 0 - 3. Let k be 0/(z + 0 + 1). Suppose j - 10 - 1 = k. What is the remainder when 31 is divided by j?
9
Su